{"id":16,"date":"2024-12-22T17:42:30","date_gmt":"2024-12-22T16:42:30","guid":{"rendered":"https:\/\/topferm.fr\/?page_id=16"},"modified":"2024-12-22T18:31:33","modified_gmt":"2024-12-22T17:31:33","slug":"accueil","status":"publish","type":"page","link":"https:\/\/topferm.fr\/","title":{"rendered":"Accueil"},"content":{"rendered":"\n<p><br><br><\/p>\n\n\n\n<p><\/p>\n\n\n\n<p><\/p>\n\n\n\n<p><\/p>\n\n\n\n<p>L&rsquo;entreprise \ud835\udc13\ud835\udc0e\ud835\udc0f \ud835\udc05\ud835\udc04\ud835\udc11\ud835\udc0c vous propose ses services de ventes et poses de menuiseries ext\u00e9rieures, en neuf et r\u00e9novation, avec soins et qualit\u00e9 depuis 1998 <img loading=\"lazy\" decoding=\"async\" height=\"16\" width=\"16\" alt=\"\u2705\ufe0f\" src=\"https:\/\/static.xx.fbcdn.net\/images\/emoji.php\/v9\/t35\/3\/16\/2705.png\"><\/p>\n\n\n\n<p>Nous sommes certifi\u00e9s \ud835\udde5\ud835\uddda\ud835\uddd8 \ud835\udde4\ud835\ude02\ud835\uddee\ud835\uddf9\ud835\uddf6\ud835\uddef\ud835\uddee\ud835\ude01 et sommes attest\u00e9s Artisan confiance <img loading=\"lazy\" decoding=\"async\" height=\"16\" width=\"16\" alt=\"\ud83d\udc4d\ud83c\udffb\" src=\"https:\/\/static.xx.fbcdn.net\/images\/emoji.php\/v9\/t35\/3\/16\/1f44d_1f3fb.png\"><\/p>\n\n\n\n<p>Suivez nous, sur notre page Facebook et Instagram, o\u00f9 serons publiez couramment des infos ainsi que nos diff\u00e9rents chantiers <img loading=\"lazy\" decoding=\"async\" height=\"16\" width=\"16\" alt=\"\ud83d\udee0\" src=\"https:\/\/static.xx.fbcdn.net\/images\/emoji.php\/v9\/tf7\/3\/16\/1f6e0.png\"><\/p>\n\n\n\n<p>Enfin, n&rsquo;h\u00e9sitez pas \u00e0 partager notre page <img loading=\"lazy\" decoding=\"async\" height=\"16\" width=\"16\" alt=\"\u263a\" src=\"https:\/\/static.xx.fbcdn.net\/images\/emoji.php\/v9\/tfd\/3\/16\/263a.png\"><\/p>\n\n\n\n<p>A bient\u00f4t !<\/p>\n\n\n\n<p>\ud835\udc42\ud835\udc59\ud835\udc56\ud835\udc63\ud835\udc56\ud835\udc52\ud835\udc5f \ud835\udc37\ud835\udc3c\ud835\udc38\ud835\udc35\ud835\udc42\ud835\udc3f\ud835\udc47 &#8211; \ud835\udc13\ud835\udc0e\ud835\udc0f \ud835\udc05\ud835\udc04\ud835\udc11\ud835\udc0c<\/p>\n\n\n\n<p>Pour plus d&rsquo;infos :<\/p>\n\n\n\n<p>06 24 61 90 85 &#8211; contact@topferm.fr<\/p>\n\n\n\n<p><\/p>\n","protected":false},"excerpt":{"rendered":"<p>L&rsquo;entreprise \ud835\udc13\ud835\udc0e\ud835\udc0f \ud835\udc05\ud835\udc04\ud835\udc11\ud835\udc0c vous propose ses services de ventes et poses de menuiseries ext\u00e9rieures, en neuf et r\u00e9novation, avec soins et qualit\u00e9 depuis 1998 Nous sommes certifi\u00e9s \ud835\udde5\ud835\uddda\ud835\uddd8 \ud835\udde4\ud835\ude02\ud835\uddee\ud835\uddf9\ud835\uddf6\ud835\uddef\ud835\uddee\ud835\ude01 et sommes attest\u00e9s Artisan confiance Suivez nous, sur notre page Facebook et Instagram, o\u00f9 serons publiez couramment des infos ainsi que nos diff\u00e9rents chantiers Enfin, n&rsquo;h\u00e9sitez [&hellip;]<\/p>\n","protected":false},"author":1,"featured_media":0,"parent":0,"menu_order":0,"comment_status":"closed","ping_status":"closed","template":"","meta":{"saved_in_kubio":false,"footnotes":""},"class_list":["post-16","page","type-page","status-publish","hentry"],"kubio_ai_page_context":{"short_desc":"","purpose":"general"},"_links":{"self":[{"href":"https:\/\/topferm.fr\/index.php\/wp-json\/wp\/v2\/pages\/16","targetHints":{"allow":["GET"]}}],"collection":[{"href":"https:\/\/topferm.fr\/index.php\/wp-json\/wp\/v2\/pages"}],"about":[{"href":"https:\/\/topferm.fr\/index.php\/wp-json\/wp\/v2\/types\/page"}],"author":[{"embeddable":true,"href":"https:\/\/topferm.fr\/index.php\/wp-json\/wp\/v2\/users\/1"}],"replies":[{"embeddable":true,"href":"https:\/\/topferm.fr\/index.php\/wp-json\/wp\/v2\/comments?post=16"}],"version-history":[{"count":4,"href":"https:\/\/topferm.fr\/index.php\/wp-json\/wp\/v2\/pages\/16\/revisions"}],"predecessor-version":[{"id":73,"href":"https:\/\/topferm.fr\/index.php\/wp-json\/wp\/v2\/pages\/16\/revisions\/73"}],"wp:attachment":[{"href":"https:\/\/topferm.fr\/index.php\/wp-json\/wp\/v2\/media?parent=16"}],"curies":[{"name":"wp","href":"https:\/\/api.w.org\/{rel}","templated":true}]}}